reatest common divisor of f and 6.
6
Suppose 0 = 5*t - 16 - 104. Suppose -x - t = -88. Calculate the highest common divisor of 16 and x.
16
Let n(r) = 28*r - 6. Let a be n(-5). Let b = -86 - a. Calculate the highest common divisor of b and 40.
20
Let a = -70 + 86. Calculate the greatest common divisor of a and 32.
16
Let v be (5/15)/(2/24). Suppose -7*p + 9 = -v*p. Let o = -35 + 53. What is the greatest common divisor of o and p?
3
Let o = -8 + 11. Suppose -x = -o*x + 26. Calculate the greatest common divisor of x and 78.
13
Let d(u) = -8*u**3 + 6*u**3 - 1 + u + 4*u**2 + 3*u. Let k be d(-3). Suppose 0 = -q + 5 + 2. What is the greatest common factor of k and q?
7
Let x = 7 - 3. Let y(v) = -4*v**2 - 3*v + v - 4*v - 3*v**3 + x*v + 2. Let z be y(-2). Calculate the highest common factor of z and 14.
14
Let y(k) = -k**3 + 6*k**2 + k + 1. Let c = -8 - -12. Let a = c - -2. Let f be y(a). Calculate the greatest common factor of 14 and f.
7
Suppose 80 = -2*t + 4*t. Let n = 65 - t. Calculate the greatest common divisor of 175 and n.
25
Suppose 15 = 12*f - 153. What is the greatest common factor of f and 14?
14
Let i(x) = -x - 2. Let m be i(-2). Suppose -5*r - 23 + 323 = m. Let c be (-49)/(-14)*2/(-14)*-24. What is the greatest common factor of r and c?
12
Let y(m) = 10 + 2*m + m**3 - 4 - 3*m - 5*m**2. Let c be y(5). Calculate the greatest common divisor of 1 and c.
1
Suppose 3*s - 47 = -2*k, -4*s = -0*s - k - 59. Suppose 2*y - q - 5 = -6*q, -4*y = 3*q - 45. Calculate the highest common factor of s and y.
15
Let g(s) = 2*s**3 - 7*s**2 - 1. Let x be g(7). What is the greatest common factor of x and 38?
38
Suppose 0 = -3*y + k + 9, 0 = -k - 3*k - 12. Suppose 2*t + y = 3*t. Suppose -94 = -t*g + 26. What is the highest common divisor of g and 15?
15
Let m be (-1)/((-2)/6) - -1. Suppose -45 + 217 = d + 5*i, 12 = -m*i. Let t = d - 99. Calculate the highest common divisor of t and 11.
11
Let p be 224/119 - (-4)/34. What is the greatest common divisor of 2 and p?
2
Let m be (-18)/15*(-15)/(-6). Let s be m/(3 + 639/(-210)). Calculate the highest common divisor of s and 7.
7
Let g be ((-6)/(-4))/((-3)/(-90)). What is the greatest common factor of 9 and g?
9
Let r = 194 - 42. Calculate the greatest common divisor of r and 19.
19
Suppose 3*j = -2*j. Suppose -3*m + 6*m - 6 = j, 5*m = -c + 20. Suppose -4*x + 4*b = -112, b = -2*x - b + 64. Calculate the highest common divisor of x and c.
10
Let a = -4 + 6. Suppose -l - a*l = -6. Let f = 8 - 2. Calculate the greatest common divisor of l and f.
2
Suppose -2*f + 10 = 0, 2*v + v - 3*f = 3. Calculate the greatest common factor of v and 18.
6
Suppose -29*h = -28*h - 29. Calculate the greatest common factor of 232 and h.
29
Let k be (4/8)/(2/4). Let y(r) = -4*r - 4. Let g be y(-3). Suppose -g = -3*t - 2. What is the highest common factor of t and k?
1
Suppose -3*r = -0*r. Suppose 0 = -l + 5*a + 25 - 4, 2*l - 5*a - 22 = r. What is the highest common factor of 11 and l?
1
Let p = -5 - -19. Let c be (-2)/(-14) - (-1384)/p. Calculate the greatest common factor of 9 and c.
9
Let v be 6 + (2 + 0)*-1. Let u = 9 - v. Suppose -n = u*m - 55, 140 = 5*n - 3*m + m. What is the greatest common factor of 15 and n?
15
Let u = 7 + -5. Suppose 4*s = 10 + u. What is the highest common divisor of s and 27?
3
Let v be (0 + (-19)/2)*-2. Suppose 0 = -2*d + 5*l - 3*l + 116, 3*d - 4*l = 175. Calculate the greatest common divisor of v and d.
19
Let d(p) = 147*p - 3. Let r(m) = 440*m - 8. Let t(c) = 8*d(c) - 3*r(c). Let h be t(-1). Let o = 42 - 26. What is the highest common factor of o and h?
16
Let j(v) = 7*v + 6. Let h be j(3). What is the greatest common factor of 3 and h?
3
Suppose -49 - 76 = -5*h. Calculate the greatest common divisor of 5 and h.
5
Suppose q = -3*q - 32. Let r be q/(-2)*-1*-2. Calculate the highest common factor of 40 and r.
8
Suppose -5*o - 70 = -5*n, 0 = -2*o - 0 + 4. What is the greatest common factor of 40 and n?
8
Suppose -5*o - 760 = -5*d, 4*o - 627 = -4*d + 13. What is the greatest common divisor of 12 and d?
12
Let c = -16 + 22. Suppose 0 = c*k - k + 3*n - 120, -2*k + 2*n = -32. Let q(t) = 7*t + 7. Let i be q(5). What is the highest common factor of k and i?
21
Let d = 3 - 6. Let q(r) = -r**3 - 3*r**2 - 3*r + 2. Let w be q(d). Calculate the highest common factor of 11 and w.
11
Let p be (-92)/(-14) + ((-18)/7 - -3). What is the highest common divisor of p and 7?
7
Let v be (-4 + 3)*-3*3. What is the greatest common divisor of v and 99?
9
Let l = 47 + -28. Let x = 79 - l. What is the greatest common divisor of 24 and x?
12
Suppose 7 = 5*h - 8. Suppose 3*j - 3 = -3*w, 5*j - 2 = h*w - 5. Suppose 2*r = -j*r + 60. What is the highest common divisor of r and 45?
15
Let b = 20 + -11. Calculate the greatest common divisor of 9 and b.
9
Suppose 5*y - 10*y + 300 = 0. What is the highest common divisor of 10 and y?
10
Suppose -4 = 2*d, -4*d - 50 = 4*w - 9*d. Let p be (w/(-4))/(6/32). What is the highest common divisor of p and 4?
4
Let j(f) = 12*f**2 - f - 1. Let b(o) = -o + 4. Let r be b(-3). Let t = 5 - r. Let a be j(t). What is the highest common divisor of 7 and a?
7
Let z(u) = -5*u - 25. Let n be z(-17). What is the greatest common factor of 40 and n?
20
Let s(k) = -k**2 - k + 11. Let i be s(-5). Let p = -5 - i. What is the highest common divisor of p and 32?
4
Suppose -5 = 5*z, t + 0*z - z = 9. Suppose -28 = -4*f - t. What is the greatest common divisor of f and 20?
5
Let c(n) = -n**2 - 5*n - 2. Let p be c(-3). Suppose -31 - 21 = p*v. Let q = v + 23. What is the greatest common divisor of 10 and q?
10
Let r = -2 - -1. Let j be (r - 59)*6/(-12). Calculate the greatest common factor of j and 75.
15
Let o(s) = 2*s**2 + s + 1. Let i be o(3). Suppose 2*p + 8 = 3*x, -4*x + 7*x - i = -5*p. Suppose x = 4*t - 0*t. Calculate the highest common divisor of t and 1.
1
Suppose l = 3*l - 12. Suppose -l*x = -2*x - 224. Suppose 4 = -k + 12. What is the highest common divisor of x and k?
8
Suppose 3*x - 4*p + 141 = 0, p + 51 - 226 = 4*x. Let s = x + 78. What is the highest common factor of s and 14?
7
Suppose -5*k + m + 32 = -0*k, -5*m = -3*k + 28. What is the highest common divisor of k and 6?
6
Suppose 12*s = 7*s + 115. Let x = -11 - -16. Suppose -4*m + 20 + 38 = 2*t, -61 = -2*t - x*m. What is the highest common divisor of t and s?
23
Let h = 93 - 81. What is the greatest common factor of h and 60?
12
Let z(v) = 10*v - 1. Let n(i) = -11*i + 1. Let b(k) = -3*n(k) - 4*z(k). Let j be b(-1). What is the greatest common factor of j and 88?
8
Let i(w) = w**2 + 3*w - 5. Let v be i(-6). Let j(a) = -15*a**3 - 2*a**2. Let x be j(-1). Calculate the greatest common divisor of x and v.
13
Let b = 19 - -29. Suppose 18 = o - b. What is the greatest common divisor of o and 6?
6
Suppose -17 = -d + 2*z, 0*d - 2*z = 3*d - 51. What is the greatest common factor of d and 119?
17
Let t be (-21)/1*2/(-3). Let k = 28 - t. Suppose 2 + k = 4*u - 3*l, 2*l = u - 9. Calculate the greatest common factor of u and 1.
1
Let x(l) = l**2 + l + 1. Let z be x(0). Let a be 0 + 13 - (-1 + z). Calculate the greatest common factor of a and 13.
13
Let y be 2*1 + 12 + -7. Let s be (y - -1)*1/1. What is the highest common divisor of 40 and s?
8
Let n be (0 - -12) + 7 + -5. Let k = 88 - 53. What is the highest common divisor of k and n?
7
Suppose -14 + 5 = -3*q. Let c be -1 - (1 - (-108)/3). Let g = -11 - c. Calculate the highest common factor of q and g.
3
Let t(q) = -15*q + 6. Let x be t(-6). Suppose -2*b - 1 = -b, -3*b = s - 9. What is the highest common divisor of s and x?
12
Let n be (29/(-2))/((-4)/8). What is the greatest common factor of n and 116?
29
Let a = 11 - 1. What is the greatest common factor of 2 and a?
2
Let t be 12/3 - -12 - -1. What is the greatest common factor of 85 and t?
17
Let k be (-99)/(-4) + (-1)/(-4). Suppose 2*x - 57 + 7 = 0. What is the highest common divisor of x and k?
25
Let b = -214 - -72. Let z = -67 - b. Let k = 36 + -21. What is the highest common factor of z and k?
15
Suppose -72 = k - 4*k. What is the highest common factor of k and 8?
8
Let d be (0/((-12)/4))/(-1). Suppose 5*x + 4*l + 7 - 19 = 0, d = x + l - 2. What is the highest common divisor of x and 4?
4
Let a be 2/(-6) - (-2)/6. Let h = 12 + a. What is the greatest common factor of 96 